composite number?
False
Is 7546343878 a prime number?
False
Is 228499121 a prime number?
True
Is 12351188387 a composite number?
False
Is 8159325587 a composite number?
True
Is 61514443 a composite number?
True
Is 1837464983 a prime number?
False
Is 18717599677 prime?
False
Is 67388699507 a prime number?
False
Is 565748741 a prime number?
True
Is 13038080509 prime?
True
Is 23638843 a composite number?
False
Is 988152733 prime?
False
Is 99407381 a composite number?
True
Is 1945950701 prime?
True
Is 104399472491 a composite number?
True
Is 50916238154 prime?
False
Is 19829380787 a prime number?
True
Is 4347571351 a prime number?
False
Is 610524097 composite?
False
Is 11377727 a composite number?
True
Is 863724887 a prime number?
False
Is 700642057 a prime number?
False
Is 1698649541 prime?
False
Is 691519467 a composite number?
True
Is 743872951 composite?
False
Is 5048878613 a composite number?
False
Is 880744913 a prime number?
True
Is 11798091091 prime?
True
Is 1154268497 composite?
True
Is 439718131 composite?
False
Is 295786031 composite?
False
Is 4281511933 composite?
False
Is 7929674303 a composite number?
True
Is 709983341 composite?
False
Is 106762861433 composite?
False
Is 1540602163 prime?
False
Is 22328300971 composite?
True
Is 30940686113 a prime number?
True
Is 17899766377 a prime number?
True
Is 282565786301 a composite number?
True
Is 418898231 a composite number?
True
Is 5644293343 prime?
False
Is 10572575071 prime?
False
Is 60730659439 a prime number?
True
Is 402963448099 prime?
False
Is 7022341603 composite?
True
Is 31875491359 composite?
False
Is 152138269 a prime number?
True
Is 1847309539 a prime number?
False
Is 222285442 composite?
True
Is 5392881743 a prime number?
False
Is 517810069 prime?
False
Is 28495363931 prime?
False
Is 23012610911 prime?
True
Is 527429971 a prime number?
True
Is 382994359 prime?
False
Is 13974144637 a composite number?
False
Is 342504949 composite?
False
Is 1484568669 a prime number?
False
Is 29068031549 a composite number?
True
Is 6717999109 composite?
False
Is 6563992583 prime?
False
Is 76899497 a composite number?
False
Is 32045212481 prime?
True
Is 2171680323 composite?
True
Is 4028621 a composite number?
False
Is 6334398137 a composite number?
True
Is 252575237 a prime number?
True
Is 1346528489 a prime number?
False
Is 54481606969 prime?
False
Is 157084463 a prime number?
True
Is 4921018195 composite?
True
Is 168543677 a prime number?
True
Is 4310052193 a prime number?
True
Is 154794829027 prime?
False
Is 1592297573 prime?
True
Is 2546345951 a composite number?
False
Is 4447574189 a prime number?
True
Is 5889031103 composite?
True
Is 25300417 composite?
False
Is 21865458049 a prime number?
False
Is 25732039 composite?
True
Is 130819219 prime?
True
Is 2785510594 prime?
False
Is 438946139 composite?
True
Is 23296554881 a composite number?
False
Is 381157513 a composite number?
True
Is 51829323493 a prime number?
False
Is 1017403061 prime?
True
Is 12490523303 a prime number?
False
Is 2139225623 a composite number?
False
Is 782142982 a composite number?
True
Is 24431263447 a composite number?
False
Is 75700260329 composite?
True
Is 109377513367 composite?
False
Is 560011088551 prime?
True
Is 19081365893 composite?
True
Is 641167753 prime?
True
Is 2536692659 composite?
False
Is 54901316219 composite?
False
Is 1663227619 a composite number?
False
Is 47701338073 prime?
True
Is 3126091127 prime?
True
Is 3649455029 prime?
False
Is 1445398733 composite?
False
Is 323983997 prime?
False
Is 3413738429 composite?
False
Is 334103789 a prime number?
True
Is 35346736261 prime?
True
Is 657927323 a composite number?
False
Is 223987421 composite?
True
Is 3503282411 a composite number?
False
Is 1186291153 prime?
False
Is 554935715 composite?
True
Is 6215249693 prime?
True
Is 8554419631 a composite number?
False
Is 3262908941 composite?
False
Is 1902405779 a composite number?
False
Is 699662177 composite?
True
Is 107423669 a prime number?
True
Is 37267813439 prime?
True
Is 205771411 prime?
True
Is 6345195503 prime?
True
Is 10510007 a composite number?
True
Is 2263351891 prime?
True
Is 438950243 prime?
True
Is 102997984693 composite?
False
Is 1357109251 composite?
True
Is 29030645197 composite?
True
Is 12581306539 composite?
False
Is 293352329 prime?
True
Is 40142509117 a composite number?
False
Is 16587977347 prime?
True
Is 94266014 composite?
True
Is 3122435387 a composite number?
False
Is 600121433 a prime number?
False
Is 4633483091 a composite number?
True
Is 76458628685 a prime number?
False
Is 1418648962 a composite number?
True
Is 5136290429 composite?
True
Is 55766776157 composite?
False
Is 16934373631 a prime number?
False
Is 13910597 a composite number?
True
Is 989678929 composite?
False
Is 650546713 a prime number?
False
Is 247954457 prime?
True
Is 69214217167 prime?
True
Is 60108706981 prime?
False
Is 7263147809 composite?
False
Is 3411418147 prime?
True
Is 1226435153 a prime number?
True
Is 412569763 prime?
False
Is 26343218707 a composite number?
True
Is 2557659763 a prime number?
False
Is 16352817121 prime?
True
Is 1828856949 prime?
False
Is 450274637 prime?
True
Is 8261380509 a composite number?
True
Is 12839192099 composite?
True
Is 14091815531 a composite number?
False
Is 209985686 prime?
False
Is 3862072661 composite?
True
Is 67881369683 a prime number?
False
Is 84573503657 a composite number?
False
Is 3237851621 a composite number?
False
Is 16952055891 composite?
True
Is 23725927501 a composite number?
True
Is 5023398769 composite?
False
Is 633285791 composite?
False
Is 86249433 a composite number?
True
Is 997755217 a prime number?
True
Is 1450782787 a composite number?
False
Is 12984658997 prime?
True
Is 3892431869 composite?
False
Is 1883633797 composite?
False
Is 12920970847 composite?
True
Is 1333166727 prime?
False
Is 17128380601 a prime number?
True
Is 874590257 a prime number?
True
Is 8996256119 composite?
False
Is 7049014789 prime?
False
Is 3861201167 composite?
False
Is 19584647149 composite?
False
Is 27792598349 a composite number?
False
Is 8528192599 a prime number?
True
Is 162499151 a composite number?
True
Is 735420229 prime?
True
Is 8950975757 a prime number?
False
Is 4902998119 a composite number?
False
Is 155966267 a prime number?
True
Is 665438017 composite?
True
Is 10816326353 prime?
False
Is 3875372429 prime?
True
Is 24848012653 composite?
True
Is 793182769 prime?
True
Is 616050751 a prime number?
False
Is 13965037223 prime?
True
Is 22898272003 composite?
False
Is 143063231 composite?
False
Is 244751389 a prime number?
False
Is 237766984127 a composite number?
True
Is 28855193311 composite?
True
Is 13095267151 a prime number?
False
Is 523019927 a composite number?
False
Is 4650137285 composite?
True
Is 1119042257 a composite number?
False
Is 4021599047 a composite number?
False
Is 187081759 a composite number?
False
Is 2224157473 composite?
True
Is 1558637237 a prime number?
True
Is 5659970969 prime?
False
Is 124795543 prime?
True
Is 19265746 prime?
False
Is 135394593 prime?
False
Is 3158392241 a composite number?
True
Is 247961579 prime?
False
Is 69807983 a composite number?
True
Is 12422247679 a composite number?
False
Is 36550876447 prime?
True
Is 18421048361 composite?
False
Is 8210309 prime?
True
Is 762563047 composite?
True
Is 1633682023 composite?
True
Is 4050636311 prime?
True
Is 13796100821 a prime number?
True
Is 227221117 a prime number?
False
Is 3662214769 a composite number?
False
Is 12492527101 composite?
False
Is 5549277631 a prime number?
True
Is 771035677 composite?
False
Is 7142887057 prime?
False
Is 120229668269 prime?
True
Is 634582271 composite?
True
Is 2627554607 prime?
True
Is 68772607903 composite?
False
Is 13680807061 composite?
True
Is 546058298 composite?
True
Is 4851445559 prime?
True
Is 512874865 a prime number?
False
Is 872694085 a prime number?
False
Is 146843509 prime?
False
Is 11444185631 a composite number?
False
Is 38569441795 prime?
False
Is 401709781 composite?
True
Is 925590037 composite?
True
Is 957048731 a composite number?
True
Is 1452141677 prime?
False
Is 2741447021 prime?
True
Is 62129253521 a prime number?
True
Is 2020429703 a prime number?
False
Is 83716675349 prime?
False
Is 5823383123 a prime number?
False
Is 504417671 co